{"id":3,"date":"2020-10-15T08:05:35","date_gmt":"2020-10-15T07:05:35","guid":{"rendered":"http:\/\/oscerknicaeucenje.splet.arnes.si\/?page_id=2"},"modified":"2021-03-30T18:37:10","modified_gmt":"2021-03-30T16:37:10","slug":"vzorcna-stran","status":"publish","type":"page","link":"https:\/\/oscerknicaeucenje.splet.arnes.si\/","title":{"rendered":"Izobra\u017eevanje na daljavo"},"content":{"rendered":"<p><blockquote class=\"wp-embedded-content\" data-secret=\"yAE1S9YsMD\"><a href=\"http:\/\/www.os-cerknica.si\/2021\/03\/29\/obvestilo-za-starse-3\/\">Obvestilo za star\u0161e!<\/a><\/blockquote><iframe loading=\"lazy\" class=\"wp-embedded-content\" sandbox=\"allow-scripts\" security=\"restricted\" style=\"position: absolute; visibility: hidden;\" title=\"&#8220;Obvestilo za star\u0161e!&#8221; &#8212; O\u0160 Cerknica\" src=\"http:\/\/www.os-cerknica.si\/2021\/03\/29\/obvestilo-za-starse-3\/embed\/#?secret=vngqtses1K#?secret=yAE1S9YsMD\" data-secret=\"yAE1S9YsMD\" width=\"500\" height=\"282\" frameborder=\"0\" marginwidth=\"0\" marginheight=\"0\" scrolling=\"no\"><\/iframe><\/p>\r\n<p>&nbsp;<\/p>\r\n<h2 style=\"text-align: left\"><span style=\"color: #339966\">AKTIVNI ODMOR<\/span><\/h2>\r\n<p><img loading=\"lazy\" decoding=\"async\" class=\"alignnone size-large wp-image-4447\" src=\"http:\/\/oscerknicaeucenje.splet.arnes.si\/files\/2020\/11\/AKTIVNI-ODMOR-page-001-1-1024x724.jpg\" alt=\"\" width=\"700\" height=\"495\" srcset=\"https:\/\/oscerknicaeucenje.splet.arnes.si\/files\/2020\/11\/AKTIVNI-ODMOR-page-001-1-1024x724.jpg 1024w, https:\/\/oscerknicaeucenje.splet.arnes.si\/files\/2020\/11\/AKTIVNI-ODMOR-page-001-1-300x212.jpg 300w, https:\/\/oscerknicaeucenje.splet.arnes.si\/files\/2020\/11\/AKTIVNI-ODMOR-page-001-1-768x543.jpg 768w, https:\/\/oscerknicaeucenje.splet.arnes.si\/files\/2020\/11\/AKTIVNI-ODMOR-page-001-1-78x55.jpg 78w, https:\/\/oscerknicaeucenje.splet.arnes.si\/files\/2020\/11\/AKTIVNI-ODMOR-page-001-1-1536x1086.jpg 1536w, https:\/\/oscerknicaeucenje.splet.arnes.si\/files\/2020\/11\/AKTIVNI-ODMOR-page-001-1.jpg 1754w\" sizes=\"auto, (max-width: 700px) 100vw, 700px\" \/><\/p>\r\n<p>&nbsp;<\/p>\r\n<hr \/>\r\n<p><a href=\"http:\/\/oscerknicaeucenje.splet.arnes.si\/files\/2020\/11\/ZOOM-2.png\"><img loading=\"lazy\" decoding=\"async\" class=\"alignnone wp-image-3509 \" src=\"http:\/\/oscerknicaeucenje.splet.arnes.si\/files\/2020\/11\/ZOOM-2-300x260.png\" alt=\"\" width=\"42\" height=\"36\" srcset=\"https:\/\/oscerknicaeucenje.splet.arnes.si\/files\/2020\/11\/ZOOM-2-300x260.png 300w, https:\/\/oscerknicaeucenje.splet.arnes.si\/files\/2020\/11\/ZOOM-2-64x55.png 64w, https:\/\/oscerknicaeucenje.splet.arnes.si\/files\/2020\/11\/ZOOM-2.png 744w\" sizes=\"auto, (max-width: 42px) 100vw, 42px\" \/><\/a> \u00a0 \u00a0<a href=\"http:\/\/oscerknicaeucenje.splet.arnes.si\/files\/2020\/11\/Pravila-obna\u0161anja-na-videokonferencah.pdf\">Pravila obna\u0161anja na videokonferencah\u00a0<\/a><\/p>\r\n<p><img loading=\"lazy\" decoding=\"async\" class=\"alignnone wp-image-3563 size-large\" src=\"http:\/\/oscerknicaeucenje.splet.arnes.si\/files\/2020\/11\/ZOOM-8-page-001-1024x768.jpg\" alt=\"\" width=\"700\" height=\"525\" srcset=\"https:\/\/oscerknicaeucenje.splet.arnes.si\/files\/2020\/11\/ZOOM-8-page-001-1024x768.jpg 1024w, https:\/\/oscerknicaeucenje.splet.arnes.si\/files\/2020\/11\/ZOOM-8-page-001-300x225.jpg 300w, https:\/\/oscerknicaeucenje.splet.arnes.si\/files\/2020\/11\/ZOOM-8-page-001-768x576.jpg 768w, https:\/\/oscerknicaeucenje.splet.arnes.si\/files\/2020\/11\/ZOOM-8-page-001-73x55.jpg 73w, https:\/\/oscerknicaeucenje.splet.arnes.si\/files\/2020\/11\/ZOOM-8-page-001-1536x1152.jpg 1536w, https:\/\/oscerknicaeucenje.splet.arnes.si\/files\/2020\/11\/ZOOM-8-page-001.jpg 1600w\" sizes=\"auto, (max-width: 700px) 100vw, 700px\" \/><\/p>\r\n<p>&nbsp;<\/p>\r\n<hr \/>\r\n<h2>KNJI\u017dNICA<\/h2>\r\n<p>U\u010denci,<\/p>\r\n<p>obve\u0161\u010damo vas, da bo \u0161olska knji\u017enica na mati\u010dni \u0161oli v Cerknici omogo\u010dala brezsti\u010dni prevzem in vra\u010danje gradiva v \u010dasu pouka na daljavo \u2013\u00a0<strong><u>NE GLEDE NA TO, KATERO ENOTO OBISKUJETE<\/u><\/strong>\u00a0(Cerknica, Grahovo, Begunje). Prav tako vam lahko dolo\u010dena gradiva skeniramo in po\u0161ljemo po e-mailu (npr. \u010dlanki, deli gradiva na dolo\u010deno temo\u2026 ).<\/p>\r\n<p>\u010ce je gradivo na zalogi, lahko preverite v COBISS-u. Po potrebi vam gradivo tudi rezerviramo.<\/p>\r\n<p>Gradivo lahko naro\u010dite preko e-asistenta ali na elektronsko po\u0161to\u00a0<a href=\"mailto:knjiznica.osc@os-cerknica.si\">knjiznica.osc@os-cerknica.si<\/a>\u00a0in ga dvignete na vhodu v O\u0160 Cerknica.<\/p>\r\n<p>O prevzemu gradiva (obvestilo, da je pripravljeno, dan in ura) bo vsak posameznik predhodno obve\u0161\u010den.<\/p>\r\n<hr \/>\r\n<figure class=\"wp-block-image size-large\"><img decoding=\"async\" src=\"http:\/\/www.os-cerknica.si\/files\/2020\/03\/Nasveti-za-uspe%C5%A1no-delo-od-doma.jpg\" alt=\"\" \/><\/figure>\r\n","protected":false},"excerpt":{"rendered":"<p>Obvestilo za star\u0161e! &nbsp; AKTIVNI ODMOR &nbsp; \u00a0 \u00a0Pravila obna\u0161anja na videokonferencah\u00a0 &nbsp; KNJI\u017dNICA U\u010denci, obve\u0161\u010damo vas, da bo \u0161olska knji\u017enica na mati\u010dni \u0161oli v Cerknici omogo\u010dala brezsti\u010dni prevzem in vra\u010danje gradiva v \u010dasu&#46;&#46;&#46;<\/p>\n","protected":false},"author":483,"featured_media":0,"parent":0,"menu_order":0,"comment_status":"closed","ping_status":"open","template":"","meta":{"ngg_post_thumbnail":0,"footnotes":"","_expiration-date-status":"saved","_expiration-date":0,"_expiration-date-type":"","_expiration-date-categories":[],"_expiration-date-options":[]},"class_list":["post-3","page","type-page","status-publish","hentry"],"_links":{"self":[{"href":"https:\/\/oscerknicaeucenje.splet.arnes.si\/index.php?rest_route=\/wp\/v2\/pages\/3","targetHints":{"allow":["GET"]}}],"collection":[{"href":"https:\/\/oscerknicaeucenje.splet.arnes.si\/index.php?rest_route=\/wp\/v2\/pages"}],"about":[{"href":"https:\/\/oscerknicaeucenje.splet.arnes.si\/index.php?rest_route=\/wp\/v2\/types\/page"}],"author":[{"embeddable":true,"href":"https:\/\/oscerknicaeucenje.splet.arnes.si\/index.php?rest_route=\/wp\/v2\/users\/483"}],"replies":[{"embeddable":true,"href":"https:\/\/oscerknicaeucenje.splet.arnes.si\/index.php?rest_route=%2Fwp%2Fv2%2Fcomments&post=3"}],"version-history":[{"count":30,"href":"https:\/\/oscerknicaeucenje.splet.arnes.si\/index.php?rest_route=\/wp\/v2\/pages\/3\/revisions"}],"predecessor-version":[{"id":11012,"href":"https:\/\/oscerknicaeucenje.splet.arnes.si\/index.php?rest_route=\/wp\/v2\/pages\/3\/revisions\/11012"}],"wp:attachment":[{"href":"https:\/\/oscerknicaeucenje.splet.arnes.si\/index.php?rest_route=%2Fwp%2Fv2%2Fmedia&parent=3"}],"curies":[{"name":"wp","href":"https:\/\/api.w.org\/{rel}","templated":true}]}}